Suppose -r = 5*p - 2012. Is p a prime number?
True
Let y(d) = 34*d**2 + 2*d - 1. Let v = 12 - 11. Is y(v) composite?
True
Suppose -m - 5*q + 12 = 0, -5*m + 16 = 5*q - 2*q. Suppose -m*r - 202 = 114. Let c = -81 - r. Is c composite?
True
Let u(y) = -y - 12. Let i(d) = 3*d + 36. Let k(m) = 3*i(m) + 8*u(m). Let b be k(-6). Suppose b*v = 4*v + 74. Is v prime?
True
Suppose 5*u + 5*i = 12325, -5*i + 509 + 4433 = 2*u. Suppose -5*g = -u + 926. Is g a composite number?
False
Let a be (6/(-8))/((-1)/316). Suppose 0 = 5*j + 2*k - a, 4*j + 0*j = -5*k + 176. Is j prime?
False
Let k = -784 - -1194. Let f = -199 + k. Is f prime?
True
Suppose 5*m + 4*n = 3401, -4*m - n = -2*n - 2704. Is m a prime number?
True
Suppose -5*u - 2 = 3*v - 119, 0 = 2*u - 5*v - 22. Suppose b = -b + 72. Let f = b - u. Is f prime?
False
Let o(x) = 4*x**2 - 2*x + 1. Let j be o(1). Suppose -1147 + 382 = -j*z. Suppose 5*m - 5*a - z = -0*m, a = -m + 59. Is m a composite number?
True
Suppose 4*o + 5 = -p + 3, -4*o + 10 = -5*p. Suppose f - 119 - 84 = o. Is f a prime number?
False
Let f be (-1)/(-2) + 27/6. Suppose -f*d = -16 + 1, d = -4*s + 847. Is s a composite number?
False
Let u(q) = 10*q - 2 + 2 - 3. Suppose -y + f + 0*f = 0, 2*f - 16 = -2*y. Is u(y) a composite number?
False
Suppose -5*x + 0*x - 230 = 0. Is (0 - x)*5/2 composite?
True
Let s = 1 - 1. Suppose 0 = j - g - 69, s*j + 4*g = 3*j - 209. Let w = j - 45. Is w composite?
True
Let k = 154 + -77. Is k prime?
False
Let o(r) = -r**3 + 8*r**2 - 5*r + 9. Let s(p) = -p + 14. Let a be s(7). Is o(a) a composite number?
False
Let q be 88 + (-2 + 4)/1. Let k = q + 209. Is k a composite number?
True
Let x = -146 + 80. Let m = x - -145. Is m prime?
True
Let k(c) = 48*c**3 - 3*c**2 + c + 4. Let q be k(3). Suppose 7*z = 3*z + q. Is z a prime number?
False
Is (0 - 1354)/(-6 + 4) prime?
True
Suppose 0 = -4*l + 215 + 25. Let b = l + -21. Is b composite?
True
Suppose t + 2*t = 5*g + 115, 0 = 3*g - 12. Suppose 5*l + 0*n - t = 5*n, 0 = 2*l - 3*n - 14. Is l a composite number?
False
Let c(o) = -2*o**2 - 3*o - 5. Let n be c(-5). Let h = -19 - n. Is h a prime number?
False
Let l(r) = 2*r - 8. Let d be l(6). Suppose -d*a + 1334 = -5*i, -425 = -2*a + 2*i + 243. Suppose 4*w = -4*m + a, -3*w = 4*m - 203 - 134. Is m a composite number?
True
Let a(h) = h**3 + 5*h**2 - 3*h - 1. Let q be a(5). Let c = -49 + q. Is c prime?
False
Let r = -556 - -1109. Is r a composite number?
True
Let k(i) = -i + 10. Let g be k(8). Suppose 0 = s - h - 58, 9 = s - g*h - 54. Let d = -22 + s. Is d a prime number?
True
Let h = -262 - -499. Is h prime?
False
Let a(g) = -g + 7. Let r be a(4). Suppose r*n - 8 = -n. Suppose 2*x - 390 = -4*p, -7*x + n*x = 2*p - 959. Is x a composite number?
False
Let q = -6966 - -13297. Is q composite?
True
Let y(v) = v**3 - 3*v**2 + 1. Let l(o) = -2*o**3 + 5*o**2 - 2. Let r(x) = 2*l(x) + 5*y(x). Is r(6) prime?
True
Let h(b) = 32*b**2 + 2*b + 3. Suppose 0 = -3*c + 5 + 1. Suppose w + 10 = -3*f, -3*f + c*w + 4 = -f. Is h(f) a prime number?
True
Let h = 513 - 216. Suppose i - h = 74. Is i composite?
True
Let t = 100 - -49. Is t composite?
False
Suppose 5*r - 3*z = -11 - 5, 2*r = -2*z - 16. Is 15/r + 21 + 1 a composite number?
False
Let x be (-1231)/(-5) + (-1)/5. Suppose 7*q + x - 1135 = 0. Is q composite?
False
Let a be (270/63)/((-2)/28). Let x = -166 + 72. Let p = a - x. Is p prime?
False
Suppose 2 = -c + 8. Let k(b) = b**3 - 7*b**2 + 5*b + 7. Let i be k(c). Is i/4 + 275/4 a composite number?
True
Let l(f) = f**2 - f + 23. Let t = -3 + 5. Suppose -2*g - t*g + 10 = -2*a, 5*a = -3*g - 25. Is l(g) a composite number?
False
Let d be 1850/(-11) + 4/22. Let m = d + 295. Is m composite?
False
Let n(i) = 4*i**2 + 1. Suppose 5*m = -h - 5, -2*m + 4*h = 3*m + 5. Let q be n(m). Suppose -4*s + 52 = -4*l, 0*s + q*l - 40 = -2*s. Is s composite?
True
Suppose -2*v - 5*k = -3*v + 200, -3*v - 5*k = -660. Is v prime?
False
Let z(v) = v**3 + 2*v**2 - 2*v - 2. Let l be z(-2). Suppose 4*y = -3*u - 251, -4*y + 23 + 151 = -l*u. Let s = u + 134. Is s composite?
True
Let d be (-4)/5*75/(-6). Let q(n) = n**3 - 4*n**2 + n - 1. Let s be q(5). Let a = s - d. Is a a composite number?
False
Let d(h) = -h**2 - 5*h. Let c be d(-4). Let w = c - 9. Let p = 12 + w. Is p a prime number?
True
Let c(i) = -11*i - 10. Suppose 4*r = 9*r + 35. Is c(r) prime?
True
Let b = -315 + 105. Let j = -49 + b. Let h = j + 492. Is h composite?
False
Let h(t) be the first derivative of 5*t**2/2 + 3*t + 1. Is h(4) a composite number?
False
Let r(j) = -j**2 + 3*j + 6. Let y be (-29)/(-6) - 1/(-6). Let g be r(y). Is (62/g)/(1/(-2)) composite?
False
Let i(g) = 21*g + 1. Let s(l) = l - 6. Let f be s(5). Let n = 5 + f. Is i(n) a prime number?
False
Suppose -6 - 14 = -5*s. Let d(v) = 8*v + 1. Is d(s) prime?
False
Let v = 117 + -26. Is v/4 - 7/(-28) composite?
False
Suppose -4*s + 6749 = 3*r, 0*s + s - 1688 = -r. Is s composite?
True
Let k(b) be the first derivative of b**4/4 + 8*b**3/3 - 5*b**2/2 - 9*b - 1. Is k(-8) a prime number?
True
Let f = -28 + 17. Let b(i) = -11*i - 10. Is b(f) a composite number?
True
Suppose 0 = -5*u + 6 + 24. Is (-1 + 16)*u/9 a composite number?
True
Let n = 8 + -13. Let r = -7 - n. Is ((-1)/r)/((-2)/(-88)) prime?
False
Let a(s) be the third derivative of -s**4/12 + s**2. Let d be a(1). Is d - -4 - (-45)/1 a prime number?
True
Suppose 0*x = -2*c + 3*x + 8, 0 = 5*c + 5*x - 20. Let g = 193 + -125. Suppose 352 = c*y + g. Is y a composite number?
False
Let k = -133 - -329. Is ((-2)/(-1))/(8/k) composite?
True
Suppose -i + 5*m = -0*i + 107, -m = i + 107. Suppose -u - 41 = 19. Let x = u - i. Is x a composite number?
False
Let m(s) = 2*s - 3. Let g be m(11). Let o = g + -5. Is o a composite number?
True
Is (-177)/(-6)*(4 + 2) prime?
False
Let m be 212/(-3)*(-3)/(-2). Is (m/(-8))/(2/8) a composite number?
False
Let q(m) = 2*m. Let y be (-45)/(-4) - 2/8. Is q(y) a prime number?
False
Let c(a) = 3*a**2 - 4*a - 18. Is c(-4) a composite number?
True
Suppose -760 = -8*q + 6032. Is q composite?
True
Let o = 291 - 28. Is o a composite number?
False
Let l = 3 - 2. Is 253/(l + (2 - 2)) a composite number?
True
Let w = 4 - 10. Let p be 2*(-14)/(-6)*w. Let x = p + 117. Is x composite?
False
Let p be (-6)/(-21) + (-26)/(-7). Suppose 2*q + 6 = 4*c, -p = q + 4*c - 19. Is ((-37)/q)/((-2)/6) composite?
False
Let f(r) = r**3 - 4*r**2 - 6*r + 7. Let i be f(5). Let o be (3/(1 + i))/(-1). Is (114 - 3) + (-1 - o) a prime number?
False
Let y(l) = -l + 9. Let c be y(7). Suppose -14 = -3*p - c*d, d + 4*d - 14 = 3*p. Suppose -b - f = -3, -3*f - 5 = p*f. Is b prime?
False
Let l be 0 - (0 + 2 + -7). Suppose v = 3*y + y + 9, l*y - 15 = -4*v. Is -6*(-4)/30*v a composite number?
True
Suppose -52 = -z - 2*g, -3*z - 4*g - g = -159. Is z a prime number?
False
Suppose -2*n = -4*t + 10, -4*t + 4 = -4*n - 0*t. Suppose -5*q + 89 = 3*k, 47 = 4*q + n*k - 23. Is q composite?
False
Suppose 3*g - 4585 = -2*g. Is g a prime number?
False
Let p be (-2)/(-6) - 116/6. Let f = 70 - p. Is f a composite number?
False
Let n(y) be the first derivative of y**4/2 - 5*y**2/2 - 7*y + 6. Is n(6) a prime number?
False
Suppose -7*w + 2*r = -2*w - 1732, -3*r = -2*w + 695. Is w prime?
False
Suppose t = -t + 86. Suppose -t = -3*o + 5. Suppose -3*r = -o - 50. Is r a composite number?
True
Let r(m) = -m**2 + 1. Let l(t) = -6*t**2 - t - 6. Let c(f) = -l(f) + 5*r(f). Is c(0) composite?
False
Let o = -8 - -15. Let n(m) = m**3 - 8*m**2 + m + 9. Let b be n(o). Let z = 2 - b. Is z composite?
True
Let g(v) = 4*v**2 + 6*v + 3. Suppose m - 1 + 7 = 0. Is g(m) composite?
True
Suppose 61 = 3*q - 413. Suppose -p = -3*p + q. Is p prime?
True
Is 1/3 - 105792/(-36) a composite number?
False
Let q = -4 - -8. Suppose 364 = 4*m + 4*p, p = -5 + q. Is m + (-4)/(-1) + -3 a prime number?
False
Let o(s) = 11*s**2 + 9*s - 6. Let p(n) = 5*n**2 + 4*n - 3. Let u(b) = -4*o(b) + 9*p(b). Is u(5) composite?
True
Let k be (-2)/(-7) + (-10)/35. Is (34 - -2) + (-3 - k) prime?
False
Suppose 87 + 243 = 5*t. Suppose t = 5*b + 2*k, 11 = 2*b - 4*k - 25. Is b prime?
False
Let h(q) = 2*q**2 + 8*q + 10. Let k(c) = 8*c + 0*c + 17 - 7 + c**2. Let y(l) = -2*h(l) + 3*k(l). Is y(8) prime?
False
Let g(d) = -36*d - 21. Is g(-4) a composite number?
True
Suppose 3*h - 5*z + 6 = 0, -h + 2 = -5*z + 14. Let p be 